{"id":706,"date":"2018-11-08T12:03:21","date_gmt":"2018-11-08T11:03:21","guid":{"rendered":"http:\/\/www.kitagatower.de\/?page_id=706"},"modified":"2020-08-31T07:48:27","modified_gmt":"2020-08-31T06:48:27","slug":"datenschutzerklaerung","status":"publish","type":"page","link":"http:\/\/www.kitagatower.de\/?page_id=706","title":{"rendered":"Datenschutzerkl\u00e4rung"},"content":{"rendered":"<p><span style=\"color: #993366; font-size: large;\"><strong>Datenschutzerkl\u00e4rung<\/strong><\/span><br \/>\nDer Schutz Ihrer\u00a0Privatsph\u00e4re ist f\u00fcr uns sehr wichtig und wir halten uns strikt an die Regeln der Datenschutzgesetze, insbesondere des Bundesdatenschutzgesetzes und des Telemediengesetzes.<br \/>\nAlle bei der Anmeldung erfassten Daten sind f\u00fcr den gemeinn\u00fctzigen\u00a0F\u00f6rderverein Kita Biberburg e.V. in seiner Eigenschaft als Verantwortlicher f\u00fcr die Verarbeitung bestimmt.<br \/>\nPersonenbezogene Daten werden nur im technisch notwendigen Umfang erhoben. In keinem Fall werden die erhobenen Daten verkauft oder aus anderen wirtschaftlichen Gr\u00fcnden an Dritte weiter gegeben. Es ist uns wichtig, dass Sie jederzeit auf die Einhaltung des Datenschutzes durch den F\u00f6rderverein vertrauen k\u00f6nnen und wissen, wie wir die personenbezogenen Daten erheben, verarbeiten, nutzen und \u00fcbermitteln. Die nachfolgenden Hinweise dienen daher dazu, Ihnen dar\u00fcber Auskunft zu geben. Ferner m\u00f6chten wir Sie dar\u00fcber in Kenntnis setzen, welche Sicherheitsma\u00dfnahmen wir zum Schutze Ihrer personenbezogenen Daten vor Manipulation, Verlust, Zerst\u00f6rung und Missbrauch treffen.<br \/>\nNachstehend informieren wir Sie ausf\u00fchrlich \u00fcber den Umgang mit Ihren Daten.<br \/>\n\u00a71 ERHEBUNG, VERARBEITUNG, NUTZUNG UND L\u00d6SCHUNG IHRER PERSONENBEZOGENEN DATEN<br \/>\nPersonenbezogene Daten sind Angaben \u00fcber sachliche oder pers\u00f6nliche Verh\u00e4ltnisse einer bestimmten oder bestimmbaren nat\u00fcrlichen Person. Hierunter fallen beispielsweise Ihr Name, Ihre Post-Adresse und Ihre\u00a0E-Mail-Adresse.<br \/>\nSie k\u00f6nnen unsere Webseiten besuchen, ohne Angaben zu Ihrer Person zu machen. Wir speichern in diesem Zusammenhang keinerlei pers\u00f6nliche Daten. Um unser Angebot zu verbessern, werten wir lediglich statistische Daten aus, die keinen R\u00fcckschluss auf Ihre Person erlauben.<br \/>\nErhebung und Verarbeitung bei Nutzung des Kontaktformulars<br \/>\nBei Nutzung des Kontaktformulars erheben wir personenbezogene Daten (Einzelangaben \u00fcber pers\u00f6nliche oder sachliche Verh\u00e4ltnisse einer bestimmten oder bestimmbaren nat\u00fcrlichen Person) nur in dem von Ihnen zur Verf\u00fcgung gestellten Umfang. Ihre E-Mail-Adresse nutzen wir nur zur Bearbeitung Ihrer Anfrage. Ihre Daten werden anschlie\u00dfend gel\u00f6scht, sofern Sie der weitergehenden Verarbeitung und Nutzung nicht zugestimmt haben.<br \/>\nErhebung, Verarbeitung und Nutzung personenbezogener Daten<br \/>\nWir erheben personenbezogene Daten (Einzelangaben \u00fcber pers\u00f6nliche oder sachliche Verh\u00e4ltnisse einer bestimmten oder bestimmbaren nat\u00fcrlichen Person) nur in dem von Ihnen zur Verf\u00fcgung gestellten Umfang.<\/p>\n<p>\u00a72 WEITERGABE PERSONENBEZOGENER DATEN<br \/>\nEine Weitergabe Ihrer Daten an Dritte erfolgt nicht.\u00a0In keinem Fall werden die erhobenen Daten verkauft oder aus anderen wirtschaftlichen Gr\u00fcnden an Dritte weitergegeben.<br \/>\n\u00a73 RECHT AUF AUSKUNFT, BERICHTIGUNG, L\u00d6SCHUNG, SPERRUNG UND WIDERRUF; RECHT AUF VERGESSENWERDEN; DATENSCHUTZBEAUFTRAGTER UND AUFSICHTSBEHORDE<br \/>\nNach dem Bundesdatenschutzgesetz und die DSGVO (Datenschutz-Grundverordnung) haben Sie ein Recht auf unentgeltliche Auskunft und Widerruf \u00fcber Ihre gespeicherten Daten sowie ggf. ein Recht auf Berichtigung, Sperrung oder L\u00f6schung dieser Daten.<br \/>\nSie haben jederzeit das Recht auf unentgeltliche Auskunft \u00fcber Ihre gespeicherten Daten sowie das Recht auf Berichtigung, L\u00f6schung bzw. Sperrung. Kontaktieren Sie uns auf Wunsch. Die Kontaktdaten finden Sie in unserem Impressum.<br \/>\nBei Fragen zur Erhebung, Verarbeitung oder Nutzung Ihrer personenbezogenen Daten, bei Ausk\u00fcnften, Berichtigung, Widerruf, Sperrung oder L\u00f6schung von Daten sowie f\u00fcr den jederzeit m\u00f6glichen Widerruf erteilter Einwilligungen wenden Sie sich bitte an:<br \/>\nF\u00f6rderverein KiTa\u00a0Biberburg e.V.<br \/>\nDSGVO<br \/>\nGatower Str. 231-233<br \/>\n14089 Berlin<br \/>\nDer F\u00f6rderverin\u00a0KiTa\u00a0Biberburg e.V. bestellt keinen Datenschutzbeauftragten, da in der Regel\u00a0weniger als zehn Personen im Verein st\u00e4ndig mit der automatisierten Verarbeitung personenbezogener Daten besch\u00e4ftigt sind.<br \/>\nSie haben gem\u00e4\u00df Art. 77 DSGVO das Recht, sich bei der Aufsichtsbeh\u00f6rde zu beschweren, wenn Sie der Ansicht sind, dass die Verarbeitung Ihrer personenbezogenen Daten nicht rechtm\u00e4\u00dfig erfolgt.<br \/>\n\u00a74 E-MAIL-KOMMUNIKATION<br \/>\nIm Folgenden informieren wir Sie\u00a0\u00fcber die Anmeldung zu unserer E-Mail-Kommunikation (Newsletter), die Speicherung Ihrer Daten und, falls gew\u00fcnscht, die jederzeitige Abmeldem\u00f6glichkeit von unserer E-Mail-Kommunikation.<br \/>\nDer sorgf\u00e4ltige Umgang mit Ihren Daten ist uns sehr wichtig. Ihre E-Mail-Adresse wird nicht an Unternehmen\u00a0weitergegeben. Ihre E-Mail-Adresse wird ausschlie\u00dflich f\u00fcr eigene Informationszwecke, wie in diesem Abschnitt beschrieben, genutzt. Auf Anfrage erhalten Sie vom F\u00f6rderverein KiTa\u00a0Biberburg e.V.\u00a0\u00a0Auskunft \u00fcber die zu Ihrer Person gespeicherten Daten, ferner haben Sie das Recht auf Berichtigung, Sperrung und L\u00f6schung (sofern nicht gesetzliche Pflichten dagegenstehen) dieser Daten.<br \/>\nNewsletter<br \/>\nUnsere E-Mail-Kommunikation informiert Sie unregelm\u00e4\u00dfig per E-Mail \u00fcber Informationen zu Veranstaltungen und Informationen rund um den F\u00f6rderverein, wenn Sie eine entsprechende Einwilligung erteilt haben. Dieser Einwilligung k\u00f6nnen Sie jederzeit f\u00fcr die Zukunft widersprechen, (n\u00e4here Informationen unter \u201eAbmeldung\u201c).<br \/>\nAnmeldung<br \/>\nSie haben die folgenden M\u00f6glichkeiten, unsere E-Mail-Kommunikation zu abonnieren:<br \/>\n1) Sie hinterlassen auf unserer Homepage Ihre E-Mail-Adresse, willigen mit dem Absenden wie in der Einwilligungserkl\u00e4rung beschrieben in den Erhalt des Newsletters ein und best\u00e4tigen Ihre Anmeldung anschlie\u00dfend \u00fcber den in unserer Best\u00e4tigungsmail enthaltenen Link.<br \/>\n2) Sie hinterlassen mit der Anmeldung im B\u00fcro der Kita Ihre E-Mail-Adresse und werden von uns dem Verteiler hinzugef\u00fcgt.<br \/>\nAbmeldung<br \/>\nSie k\u00f6nnen die Einwilligung zur Nutzung Ihrer E-Mail-Adresse f\u00fcr unsere E-Mail-Kommunikation jederzeit widerrufen. Hier stehen Ihnen folgende M\u00f6glichkeiten zur Verf\u00fcgung:<br \/>\nSie widerrufen durch eine formlose E-Mail an foederverein.biberburg@gmail.com.<br \/>\nPostalisch an oben genannte Adresse.<br \/>\n\u00a75 \u00c4NDERUNGEN DER DATENSCHUTZERKL\u00c4RUNG UND ABRUFBARKEIT<br \/>\nSie\u00a0k\u00f6nnen\u00a0die Datenschutzerkl\u00e4rung jederzeit auf unserer Internetseite abrufen. Bitte nehmen Sie zur Kenntnis, dass \u00c4nderungen des Angebots, gesetzliche und rechtliche Neuerungen sowie ggf. nachtr\u00e4glich erkannte Regelungsl\u00fccken \u00c4nderungen dieser Datenschutzerkl\u00e4rung erforderlich werden lassen k\u00f6nnen. Rufen Sie daher von Zeit zu Zeit diese Datenschutzerkl\u00e4rung auf, wenn Sie sich hierzu informieren m\u00f6chten.<br \/>\n\u00c4nderungsdatum: 28.10.2018<\/p>\n","protected":false},"excerpt":{"rendered":"<p>Datenschutzerkl\u00e4rung Der Schutz Ihrer\u00a0Privatsph\u00e4re ist f\u00fcr uns sehr wichtig und wir halten uns strikt an die Regeln der Datenschutzgesetze, insbesondere des Bundesdatenschutzgesetzes und des Telemediengesetzes. Alle bei der Anmeldung erfassten Daten sind f\u00fcr den gemeinn\u00fctzigen\u00a0F\u00f6rderverein Kita Biberburg e.V. in seiner Eigenschaft als Verantwortlicher f\u00fcr die Verarbeitung bestimmt. Personenbezogene Daten werden nur im technisch notwendigen Umfang <a href='http:\/\/www.kitagatower.de\/?page_id=706' class='excerpt-more'>[&#8230;]<\/a><\/p>\n","protected":false},"author":7,"featured_media":0,"parent":129,"menu_order":0,"comment_status":"closed","ping_status":"closed","template":"","meta":{"footnotes":""},"class_list":["post-706","page","type-page","status-publish","hentry","post-seq-1","post-parity-odd","meta-position-corners","fix"],"jetpack_shortlink":"https:\/\/wp.me\/P4ES8j-bo","jetpack_sharing_enabled":true,"_links":{"self":[{"href":"http:\/\/www.kitagatower.de\/index.php?rest_route=\/wp\/v2\/pages\/706","targetHints":{"allow":["GET"]}}],"collection":[{"href":"http:\/\/www.kitagatower.de\/index.php?rest_route=\/wp\/v2\/pages"}],"about":[{"href":"http:\/\/www.kitagatower.de\/index.php?rest_route=\/wp\/v2\/types\/page"}],"author":[{"embeddable":true,"href":"http:\/\/www.kitagatower.de\/index.php?rest_route=\/wp\/v2\/users\/7"}],"replies":[{"embeddable":true,"href":"http:\/\/www.kitagatower.de\/index.php?rest_route=%2Fwp%2Fv2%2Fcomments&post=706"}],"version-history":[{"count":3,"href":"http:\/\/www.kitagatower.de\/index.php?rest_route=\/wp\/v2\/pages\/706\/revisions"}],"predecessor-version":[{"id":803,"href":"http:\/\/www.kitagatower.de\/index.php?rest_route=\/wp\/v2\/pages\/706\/revisions\/803"}],"up":[{"embeddable":true,"href":"http:\/\/www.kitagatower.de\/index.php?rest_route=\/wp\/v2\/pages\/129"}],"wp:attachment":[{"href":"http:\/\/www.kitagatower.de\/index.php?rest_route=%2Fwp%2Fv2%2Fmedia&parent=706"}],"curies":[{"name":"wp","href":"https:\/\/api.w.org\/{rel}","templated":true}]}}