{"id":693,"date":"2018-10-28T16:54:17","date_gmt":"2018-10-28T15:54:17","guid":{"rendered":"http:\/\/www.kitagatower.de\/?page_id=693"},"modified":"2020-09-01T14:52:41","modified_gmt":"2020-09-01T13:52:41","slug":"bisher-erreicht","status":"publish","type":"page","link":"http:\/\/www.kitagatower.de\/?page_id=693","title":{"rendered":"Bisher erreicht"},"content":{"rendered":"<p><span style=\"color: #993366; font-size: large;\"><strong>Das bisher Erreichte<\/strong><\/span><\/p>\n<p>&nbsp;<\/p>\n<p>Mit den Mitteln des F\u00f6rdervereins konnten u. a. bisher angeschafft werden:<\/p>\n<p><a href=\"http:\/\/www.kitagatower.de\/wp-content\/uploads\/2020\/08\/Podest_Minibasis.jpg\"><img loading=\"lazy\" decoding=\"async\" class=\"wp-image-775 alignleft\" src=\"http:\/\/www.kitagatower.de\/wp-content\/uploads\/2020\/08\/Podest_Minibasis-300x200.jpg\" alt=\"\" width=\"177\" height=\"118\" srcset=\"http:\/\/www.kitagatower.de\/wp-content\/uploads\/2020\/08\/Podest_Minibasis-300x200.jpg 300w, http:\/\/www.kitagatower.de\/wp-content\/uploads\/2020\/08\/Podest_Minibasis.jpg 640w\" sizes=\"auto, (max-width: 177px) 100vw, 177px\" \/><\/a><\/p>\n<p>&nbsp;<\/p>\n<p>Holzpodeste f\u00fcr die Minibasis<\/p>\n<p>&nbsp;<\/p>\n<p><a href=\"http:\/\/www.kitagatower.de\/wp-content\/uploads\/2020\/08\/Buehne.jpg\"><img loading=\"lazy\" decoding=\"async\" class=\" wp-image-765 alignleft\" src=\"http:\/\/www.kitagatower.de\/wp-content\/uploads\/2020\/08\/Buehne-300x300.jpg\" alt=\"\" width=\"174\" height=\"174\" srcset=\"http:\/\/www.kitagatower.de\/wp-content\/uploads\/2020\/08\/Buehne-300x300.jpg 300w, http:\/\/www.kitagatower.de\/wp-content\/uploads\/2020\/08\/Buehne-150x150.jpg 150w, http:\/\/www.kitagatower.de\/wp-content\/uploads\/2020\/08\/Buehne-96x96.jpg 96w, http:\/\/www.kitagatower.de\/wp-content\/uploads\/2020\/08\/Buehne-24x24.jpg 24w, http:\/\/www.kitagatower.de\/wp-content\/uploads\/2020\/08\/Buehne-36x36.jpg 36w, http:\/\/www.kitagatower.de\/wp-content\/uploads\/2020\/08\/Buehne-48x48.jpg 48w, http:\/\/www.kitagatower.de\/wp-content\/uploads\/2020\/08\/Buehne-64x64.jpg 64w, http:\/\/www.kitagatower.de\/wp-content\/uploads\/2020\/08\/Buehne.jpg 638w\" sizes=\"auto, (max-width: 174px) 100vw, 174px\" \/><\/a><\/p>\n<p>&nbsp;<\/p>\n<p>&nbsp;<\/p>\n<p>B\u00fchne f\u00fcr den Theaterraum<\/p>\n<p>&nbsp;<\/p>\n<p>&nbsp;<\/p>\n<p>Gro\u00dfe Holzbausteine<\/p>\n<p>Digitale Bilderrahmen<\/p>\n<p>Gartenb\u00e4nke f. Kinder<\/p>\n<p>Balancierbretter<\/p>\n<p>Gewichtsb\u00e4lle<\/p>\n<p>Wasserspieltisch<\/p>\n<p>Rollbretter<\/p>\n<p>Bastelmaterialien<\/p>\n<p>F\u00fcr das Bauzimmer einen Turm inkl. Podeste<\/p>\n<p>&nbsp;<\/p>\n<p>&nbsp;<\/p>\n<p>&nbsp;<\/p>\n<p><strong>Gesponsorte Highlights bei vergangenen Festen:<\/strong><\/p>\n<p>&#8211; 2017 Sommerfest &#8218;Bauen und Konstruieren&#8216; : Baumklettern von Profis begleitet<\/p>\n<p>&#8211; 2018 Sommerfest &#8218;Mittelalterfest&#8216; : Gauklerin<\/p>\n<p>&#8211; 2019 Zirkusprojekt<\/p>\n<p><a href=\"http:\/\/www.kitagatower.de\/wp-content\/uploads\/2020\/08\/IMG_5612.jpg\"><img loading=\"lazy\" decoding=\"async\" class=\"alignnone wp-image-783\" src=\"http:\/\/www.kitagatower.de\/wp-content\/uploads\/2020\/08\/IMG_5612-300x200.jpg\" alt=\"\" width=\"186\" height=\"124\" srcset=\"http:\/\/www.kitagatower.de\/wp-content\/uploads\/2020\/08\/IMG_5612-300x200.jpg 300w, http:\/\/www.kitagatower.de\/wp-content\/uploads\/2020\/08\/IMG_5612.jpg 480w\" sizes=\"auto, (max-width: 186px) 100vw, 186px\" \/><\/a><a href=\"http:\/\/www.kitagatower.de\/wp-content\/uploads\/2020\/08\/IMG_5653.jpg\"> <img loading=\"lazy\" decoding=\"async\" class=\"alignnone wp-image-785\" src=\"http:\/\/www.kitagatower.de\/wp-content\/uploads\/2020\/08\/IMG_5653-300x200.jpg\" alt=\"\" width=\"180\" height=\"120\" srcset=\"http:\/\/www.kitagatower.de\/wp-content\/uploads\/2020\/08\/IMG_5653-300x200.jpg 300w, http:\/\/www.kitagatower.de\/wp-content\/uploads\/2020\/08\/IMG_5653.jpg 480w\" sizes=\"auto, (max-width: 180px) 100vw, 180px\" \/> <\/a><a href=\"http:\/\/www.kitagatower.de\/wp-content\/uploads\/2020\/08\/IMG_5620.jpg\"><img loading=\"lazy\" decoding=\"async\" class=\"alignnone wp-image-784\" src=\"http:\/\/www.kitagatower.de\/wp-content\/uploads\/2020\/08\/IMG_5620-300x200.jpg\" alt=\"\" width=\"180\" height=\"120\" srcset=\"http:\/\/www.kitagatower.de\/wp-content\/uploads\/2020\/08\/IMG_5620-300x200.jpg 300w, http:\/\/www.kitagatower.de\/wp-content\/uploads\/2020\/08\/IMG_5620.jpg 480w\" sizes=\"auto, (max-width: 180px) 100vw, 180px\" \/><\/a> <a href=\"http:\/\/www.kitagatower.de\/wp-content\/uploads\/2020\/08\/IMG_5611.jpg\"><img loading=\"lazy\" decoding=\"async\" class=\"alignnone wp-image-782\" src=\"http:\/\/www.kitagatower.de\/wp-content\/uploads\/2020\/08\/IMG_5611-300x200.jpg\" alt=\"\" width=\"185\" height=\"123\" srcset=\"http:\/\/www.kitagatower.de\/wp-content\/uploads\/2020\/08\/IMG_5611-300x200.jpg 300w, http:\/\/www.kitagatower.de\/wp-content\/uploads\/2020\/08\/IMG_5611.jpg 480w\" sizes=\"auto, (max-width: 185px) 100vw, 185px\" \/> <\/a><a href=\"http:\/\/www.kitagatower.de\/wp-content\/uploads\/2020\/08\/IMG_7106.jpg\"><img loading=\"lazy\" decoding=\"async\" class=\"alignnone wp-image-786\" src=\"http:\/\/www.kitagatower.de\/wp-content\/uploads\/2020\/08\/IMG_7106-200x300.jpg\" alt=\"\" width=\"80\" height=\"120\" srcset=\"http:\/\/www.kitagatower.de\/wp-content\/uploads\/2020\/08\/IMG_7106-200x300.jpg 200w, http:\/\/www.kitagatower.de\/wp-content\/uploads\/2020\/08\/IMG_7106.jpg 320w\" sizes=\"auto, (max-width: 80px) 100vw, 80px\" \/><\/a><a href=\"http:\/\/www.kitagatower.de\/wp-content\/uploads\/2020\/08\/IMG_7612.jpg\"> <img loading=\"lazy\" decoding=\"async\" class=\"alignnone wp-image-787\" src=\"http:\/\/www.kitagatower.de\/wp-content\/uploads\/2020\/08\/IMG_7612-300x293.jpg\" alt=\"\" width=\"123\" height=\"120\" srcset=\"http:\/\/www.kitagatower.de\/wp-content\/uploads\/2020\/08\/IMG_7612-300x293.jpg 300w, http:\/\/www.kitagatower.de\/wp-content\/uploads\/2020\/08\/IMG_7612-24x24.jpg 24w, http:\/\/www.kitagatower.de\/wp-content\/uploads\/2020\/08\/IMG_7612-36x36.jpg 36w, http:\/\/www.kitagatower.de\/wp-content\/uploads\/2020\/08\/IMG_7612-48x48.jpg 48w, http:\/\/www.kitagatower.de\/wp-content\/uploads\/2020\/08\/IMG_7612.jpg 480w\" sizes=\"auto, (max-width: 123px) 100vw, 123px\" \/><\/a><\/p>\n<p>&#8211; 2019 Sommerfest &#8218;1001 Nacht&#8216; : Baucht\u00e4nzerin<\/p>\n<p><a href=\"http:\/\/www.kitagatower.de\/wp-content\/uploads\/2020\/08\/IMG_4223.jpg\"><img loading=\"lazy\" decoding=\"async\" class=\"alignnone wp-image-779\" src=\"http:\/\/www.kitagatower.de\/wp-content\/uploads\/2020\/08\/IMG_4223-200x300.jpg\" alt=\"\" width=\"66\" height=\"99\" srcset=\"http:\/\/www.kitagatower.de\/wp-content\/uploads\/2020\/08\/IMG_4223-200x300.jpg 200w, http:\/\/www.kitagatower.de\/wp-content\/uploads\/2020\/08\/IMG_4223.jpg 320w\" sizes=\"auto, (max-width: 66px) 100vw, 66px\" \/><\/a> <a href=\"http:\/\/www.kitagatower.de\/wp-content\/uploads\/2020\/08\/IMG_4226.jpg\"><img loading=\"lazy\" decoding=\"async\" class=\"alignnone wp-image-780\" src=\"http:\/\/www.kitagatower.de\/wp-content\/uploads\/2020\/08\/IMG_4226-203x300.jpg\" alt=\"\" width=\"64\" height=\"95\" srcset=\"http:\/\/www.kitagatower.de\/wp-content\/uploads\/2020\/08\/IMG_4226-203x300.jpg 203w, http:\/\/www.kitagatower.de\/wp-content\/uploads\/2020\/08\/IMG_4226.jpg 325w\" sizes=\"auto, (max-width: 64px) 100vw, 64px\" \/><\/a> <a href=\"http:\/\/www.kitagatower.de\/wp-content\/uploads\/2020\/08\/IMG_4256.jpg\"><img loading=\"lazy\" decoding=\"async\" class=\"alignnone wp-image-781\" src=\"http:\/\/www.kitagatower.de\/wp-content\/uploads\/2020\/08\/IMG_4256-252x300.jpg\" alt=\"\" width=\"85\" height=\"101\" srcset=\"http:\/\/www.kitagatower.de\/wp-content\/uploads\/2020\/08\/IMG_4256-252x300.jpg 252w, http:\/\/www.kitagatower.de\/wp-content\/uploads\/2020\/08\/IMG_4256.jpg 403w\" sizes=\"auto, (max-width: 85px) 100vw, 85px\" \/><\/a><\/p>\n<p>&nbsp;<\/p>\n<p><strong>Aktionen \u00fcber das Jahr:<\/strong><\/p>\n<p>&#8211; Organisation von Essens- und Getr\u00e4nkeverkauf bei Kita-Basaren und bei Sponsorenl\u00e4ufen<\/p>\n<p>&#8211; Verkauf von gespendeten Sachen bei Kita-Basaren<\/p>\n<p>&#8211; Urkunden und Medaillen beim Sponsorenlauf<\/p>\n<p>&#8211; Tombolas bei Festen<\/p>\n<p><strong>\u00a0<\/strong><\/p>\n","protected":false},"excerpt":{"rendered":"<p>Das bisher Erreichte &nbsp; Mit den Mitteln des F\u00f6rdervereins konnten u. a. bisher angeschafft werden: &nbsp; Holzpodeste f\u00fcr die Minibasis &nbsp; &nbsp; &nbsp; B\u00fchne f\u00fcr den Theaterraum &nbsp; &nbsp; Gro\u00dfe Holzbausteine Digitale Bilderrahmen Gartenb\u00e4nke f. Kinder Balancierbretter Gewichtsb\u00e4lle Wasserspieltisch Rollbretter Bastelmaterialien F\u00fcr das Bauzimmer einen Turm inkl. Podeste &nbsp; &nbsp; &nbsp; Gesponsorte Highlights bei vergangenen <a href='http:\/\/www.kitagatower.de\/?page_id=693' class='excerpt-more'>[&#8230;]<\/a><\/p>\n","protected":false},"author":7,"featured_media":0,"parent":248,"menu_order":0,"comment_status":"closed","ping_status":"closed","template":"","meta":{"footnotes":""},"class_list":["post-693","page","type-page","status-publish","hentry","post-seq-1","post-parity-odd","meta-position-corners","fix"],"jetpack_shortlink":"https:\/\/wp.me\/P4ES8j-bb","jetpack_sharing_enabled":true,"_links":{"self":[{"href":"http:\/\/www.kitagatower.de\/index.php?rest_route=\/wp\/v2\/pages\/693","targetHints":{"allow":["GET"]}}],"collection":[{"href":"http:\/\/www.kitagatower.de\/index.php?rest_route=\/wp\/v2\/pages"}],"about":[{"href":"http:\/\/www.kitagatower.de\/index.php?rest_route=\/wp\/v2\/types\/page"}],"author":[{"embeddable":true,"href":"http:\/\/www.kitagatower.de\/index.php?rest_route=\/wp\/v2\/users\/7"}],"replies":[{"embeddable":true,"href":"http:\/\/www.kitagatower.de\/index.php?rest_route=%2Fwp%2Fv2%2Fcomments&post=693"}],"version-history":[{"count":13,"href":"http:\/\/www.kitagatower.de\/index.php?rest_route=\/wp\/v2\/pages\/693\/revisions"}],"predecessor-version":[{"id":817,"href":"http:\/\/www.kitagatower.de\/index.php?rest_route=\/wp\/v2\/pages\/693\/revisions\/817"}],"up":[{"embeddable":true,"href":"http:\/\/www.kitagatower.de\/index.php?rest_route=\/wp\/v2\/pages\/248"}],"wp:attachment":[{"href":"http:\/\/www.kitagatower.de\/index.php?rest_route=%2Fwp%2Fv2%2Fmedia&parent=693"}],"curies":[{"name":"wp","href":"https:\/\/api.w.org\/{rel}","templated":true}]}}