{"id":459,"date":"2014-09-27T17:01:48","date_gmt":"2014-09-27T15:01:48","guid":{"rendered":"http:\/\/www.kitagatower.de\/?page_id=459"},"modified":"2020-08-31T08:33:48","modified_gmt":"2020-08-31T07:33:48","slug":"anmeldung","status":"publish","type":"page","link":"http:\/\/www.kitagatower.de\/?page_id=459","title":{"rendered":"Aktuelle Spendenaufrufe"},"content":{"rendered":"<p><span style=\"color: #993366; font-size: large;\"><strong>Konkrete, kurzfristige Spendensuche:<\/strong><\/span><br \/>\n***Holzbalken und -Bretter f\u00fcr Ger\u00e4te- und Fahrzeugschuppen***<\/p>\n<p>***Spenden f\u00fcrs Aquarium***<\/p>\n<p>&nbsp;<\/p>\n<p><span style=\"color: #993366; font-size: large;\"><strong>W\u00fcnsche f\u00fcr die Zukunft\/Vorhaben u.a.<\/strong><\/span><br \/>\nF\u00fcr den Theater- und Musikraum zwei Rollk\u00e4sten f\u00fcr die B\u00fchne (Kostenvoranschlag: je 400\u20ac)<\/p>\n<p>&nbsp;<\/p>\n","protected":false},"excerpt":{"rendered":"<p>Konkrete, kurzfristige Spendensuche: ***Holzbalken und -Bretter f\u00fcr Ger\u00e4te- und Fahrzeugschuppen*** ***Spenden f\u00fcrs Aquarium*** &nbsp; W\u00fcnsche f\u00fcr die Zukunft\/Vorhaben u.a. F\u00fcr den Theater- und Musikraum zwei Rollk\u00e4sten f\u00fcr die B\u00fchne (Kostenvoranschlag: je 400\u20ac) &nbsp;<\/p>\n","protected":false},"author":3,"featured_media":0,"parent":248,"menu_order":0,"comment_status":"closed","ping_status":"closed","template":"","meta":{"footnotes":""},"class_list":["post-459","page","type-page","status-publish","hentry","post-seq-1","post-parity-odd","meta-position-corners","fix"],"jetpack_shortlink":"https:\/\/wp.me\/P4ES8j-7p","jetpack_sharing_enabled":true,"_links":{"self":[{"href":"http:\/\/www.kitagatower.de\/index.php?rest_route=\/wp\/v2\/pages\/459","targetHints":{"allow":["GET"]}}],"collection":[{"href":"http:\/\/www.kitagatower.de\/index.php?rest_route=\/wp\/v2\/pages"}],"about":[{"href":"http:\/\/www.kitagatower.de\/index.php?rest_route=\/wp\/v2\/types\/page"}],"author":[{"embeddable":true,"href":"http:\/\/www.kitagatower.de\/index.php?rest_route=\/wp\/v2\/users\/3"}],"replies":[{"embeddable":true,"href":"http:\/\/www.kitagatower.de\/index.php?rest_route=%2Fwp%2Fv2%2Fcomments&post=459"}],"version-history":[{"count":10,"href":"http:\/\/www.kitagatower.de\/index.php?rest_route=\/wp\/v2\/pages\/459\/revisions"}],"predecessor-version":[{"id":814,"href":"http:\/\/www.kitagatower.de\/index.php?rest_route=\/wp\/v2\/pages\/459\/revisions\/814"}],"up":[{"embeddable":true,"href":"http:\/\/www.kitagatower.de\/index.php?rest_route=\/wp\/v2\/pages\/248"}],"wp:attachment":[{"href":"http:\/\/www.kitagatower.de\/index.php?rest_route=%2Fwp%2Fv2%2Fmedia&parent=459"}],"curies":[{"name":"wp","href":"https:\/\/api.w.org\/{rel}","templated":true}]}}